ue
Is 1985544 a multiple of 759?
True
Is 47 a factor of 30900714?
True
Does 247 divide 8351811?
True
Is 52 a factor of 51584?
True
Is 138079 a multiple of 58?
False
Is 12 a factor of 44902?
False
Does 825 divide 3941850?
True
Does 7 divide 281130?
False
Is 87060 a multiple of 6?
True
Is 81 a factor of 7262865?
True
Is 731362 a multiple of 24?
False
Is 68 a factor of 250962?
False
Is 107 a factor of 115881?
True
Is 3491834 a multiple of 178?
False
Is 22145 a multiple of 83?
False
Is 224218 a multiple of 71?
True
Is 2432858 a multiple of 105?
False
Does 1161 divide 20263563?
False
Does 651 divide 813099?
True
Is 103 a factor of 1944878?
False
Is 1135495 a multiple of 7?
False
Is 48 a factor of 516864?
True
Is 411 a factor of 320991?
True
Is 73 a factor of 43800?
True
Is 60928 a multiple of 45?
False
Is 2325543 a multiple of 33?
True
Is 19649 a multiple of 21?
False
Does 298 divide 5415500?
False
Is 96 a factor of 192963?
False
Does 19 divide 875615?
True
Does 26 divide 10038444?
True
Does 36 divide 365995?
False
Is 44215 a multiple of 31?
False
Is 323307 a multiple of 157?
False
Is 25261 a multiple of 131?
False
Is 2359375 a multiple of 151?
True
Is 7 a factor of 277655?
True
Does 21 divide 2122134?
True
Is 205 a factor of 955210?
False
Does 8 divide 750966?
False
Is 72 a factor of 4752?
True
Is 339112 a multiple of 46?
True
Does 27 divide 1089226?
False
Is 271 a factor of 9430971?
False
Does 806 divide 1133690?
False
Is 15 a factor of 18564?
False
Is 1710954 a multiple of 111?
True
Is 17 a factor of 11186?
True
Is 370328 a multiple of 271?
False
Does 4 divide 171517?
False
Does 12 divide 294324?
True
Does 165 divide 579645?
True
Is 1675244 a multiple of 572?
False
Does 59 divide 12175437?
False
Is 93289 a multiple of 37?
False
Is 14 a factor of 3886876?
True
Is 3986658 a multiple of 54?
True
Is 217406 a multiple of 63?
False
Is 6 a factor of 1312116?
True
Is 301 a factor of 788620?
True
Is 39 a factor of 195507?
True
Is 847576 a multiple of 9?
False
Is 115 a factor of 152835?
True
Is 14 a factor of 1909712?
True
Does 17 divide 2566949?
True
Does 33 divide 2450613?
True
Is 5 a factor of 17441111?
False
Is 14 a factor of 1325032?
False
Is 96 a factor of 2618016?
True
Is 34 a factor of 123414?
False
Does 5 divide 783380?
True
Is 6 a factor of 42804?
True
Does 138 divide 3146037?
False
Is 8 a factor of 311280?
True
Is 4 a factor of 76536?
True
Does 26 divide 1550484?
True
Does 144 divide 27792?
True
Is 2 a factor of 1018059?
False
Does 37 divide 4697335?
True
Is 440776 a multiple of 8?
True
Is 5 a factor of 9765?
True
Is 152356 a multiple of 117?
False
Is 248060 a multiple of 157?
True
Is 193919 a multiple of 61?
True
Is 1216725 a multiple of 45?
False
Does 69 divide 2138156?
False
Is 3167728 a multiple of 116?
True
Is 3042945 a multiple of 45?
True
Is 323 a factor of 144490?
False
Is 10 a factor of 4295038?
False
Is 303556 a multiple of 11?
True
Is 15 a factor of 1891817?
False
Does 6 divide 1035421?
False
Is 312 a factor of 336127?
False
Is 68 a factor of 295801?
False
Is 1325985 a multiple of 109?
True
Is 224511 a multiple of 77?
False
Is 14535024 a multiple of 21?
True
Is 104 a factor of 205088?
True
Is 77006 a multiple of 54?
False
Is 19 a factor of 55594?
True
Is 397206 a multiple of 16?
False
Is 18 a factor of 240349?
False
Is 145 a factor of 2682355?
True
Is 82 a factor of 496126?
False
Is 9003593 a multiple of 44?
False
Is 1283047 a multiple of 151?
True
Is 65831 a multiple of 44?
False
Is 60247 a multiple of 51?
False
Does 57 divide 40983?
True
Is 1035736 a multiple of 23?
True
Is 13 a factor of 832819?
True
Does 38 divide 93383?
False
Is 352 a factor of 127072?
True
Is 176 a factor of 259836?
False
Does 432 divide 717552?
True
Is 10 a factor of 8645?
False
Is 72 a factor of 2848032?
True
Is 2773584 a multiple of 8?
True
Is 51 a factor of 92004?
True
Does 8 divide 28760?
True
Is 254 a factor of 391414?
True
Is 242 a factor of 802714?
True
Does 23 divide 1287379?
True
Does 60 divide 2097720?
True
Is 5684592 a multiple of 14?
False
Is 64 a factor of 143553?
False
Does 231 divide 4582347?
True
Does 5 divide 544065?
True
Is 100 a factor of 66000?
True
Is 7 a factor of 2538060?
True
Is 41 a factor of 40959?
True
Is 9 a factor of 11475?
True
Is 517965 a multiple of 7?
True
Is 5631156 a multiple of 36?
True
Does 45 divide 48330?
True
Is 95750 a multiple of 50?
True
Is 112797 a multiple of 9?
True
Does 13 divide 1189617?
True
Does 125 divide 179403?
False
Is 175016 a multiple of 80?
False
Is 2038890 a multiple of 42?
True
Is 77262 a multiple of 158?
True
Is 75 a factor of 202281?
False
Does 106 divide 251220?
True
Is 7424872 a multiple of 47?
True
Does 87 divide 458483?
False
Is 37 a factor of 350316?
True
Does 531 divide 425331?
True
Is 116760 a multiple of 5?
True
Is 14233395 a multiple of 8?
False
Does 124 divide 235104?
True
Is 21 a factor of 99267?
True
Is 6245241 a multiple of 116?
False
Does 3 divide 246365?
False
Is 322 a factor of 424074?
True
Does 819 divide 6294671?
False
Does 269 divide 79594?
False
Does 4 divide 66601?
False
Is 169075 a multiple of 94?
False
Is 19 a factor of 1552205?
True
Is 59 a factor of 4549545?
False
Is 1011841 a multiple of 5?
False
Is 10 a factor of 93083?
False
Is 296478 a multiple of 39?
True
Is 20 a factor of 2848663?
False
Does 113 divide 43077?
False
Is 7540316 a multiple of 146?
True
Is 4839426 a multiple of 81?
True
Is 23 a factor of 49686?
False
Is 4300261 a multiple of 469?
True
Is 6629600 a multiple of 200?
True
Does 86 divide 164174?
True
Is 1761319 a multiple of 146?
False
Is 54 a factor of 951048?
True
Is 10 a factor of 23984920?
True
Is 4158951 a multiple of 346?
False
Is 320150 a multiple of 38?
True
Does 293 divide 16172721?
True
Does 24 divide 34602000?
True
Does 28 divide 949900?
True
Is 26 a factor of 160621?
False
Is 79313 a multiple of 65?
False
Is 4611939 a multiple of 179?
False
Is 1620 a factor of 4108320?
True
Is 38 a factor of 266?
True
Is 1829166 a multiple of 474?
True
Is 850248 a multiple of 50?
False
Is 1002125 a multiple of 398?
False
Is 1123232 a multiple of 4?
True
Does 1120 divide 2277379?
False
Is 49362 a multiple of 57?
True
Is 282608 a multiple of 68?
True
Is 13 a factor of 1564751?
False
Is 1344559 a multiple of 1039?
False
Does 3 divide 141385?
False
Is 10 a factor of 111498?
False
Does 5 divide 94302?
False
Is 46 a factor of 16284?
True
Is 4 a factor of 1510?
False
Is 174943 a multiple of 140?
False
Is 145 a factor of 1259470?
True
Is 51 a factor of 665856?
True
Does 70 divide 207760?
True
Does 22 divide 107758?
False
Is 559752 a multiple of 5?
False
Is 511 a multiple of 7?
True
Is 650167 a multiple of 5?
False
Is 89376 a multiple of 42?
True
Does 227 divide 245558?
False
Is 62 a factor of 330460?
True
Does 98 divide 9729467?
False
Is 453968 a multiple of 88?
False
Is 3063633 a multiple of 303?
True
Is 942 a factor of 3656284?
False
Is 207676 a multiple of 6?
False
Does 351 divide 829126?
False
Does 155 divide 56385?
False
Does 7 divide 22526?
True
Is 1097040 a multiple of 60?
True
Is 706491 a multiple of 3?
True
Is 9 a factor of 86770?
False
Does 240 divide 15136?
False
Is 41998 a multiple of 166?
True
Is 13989750 a multiple of 138?
True
Does 34 divide 636706?
False
Does 8 divide 549736?
True
Is 582030 a multiple of 29?
True
Does 10 divide 901000?
True
Is 69012 a multiple of 12?
True
Does 18 divide 104614?
False
Does 136 divide 33068?
False
Does 41 divide 2823342?
True
Is 2738241 a multiple of 44?
False
Is 18 a factor of 1256796?
True
Is 105840 a multiple of 56?
True
Is 447545 a multiple of 19?
True
Is 32835 a multiple of 165?
True
Is 170304 a multiple of 24?
True
Is 53907 a multiple of 21?
True
Is 90 a factor of 3401653?
False
Is 47 a factor of 6360322?
True
Is 13 a factor of 4239547?
True
Is 70052 a multiple of 166?
True
Is 25143216 a multiple of 12?
True
Is 5 a factor of 116182?
False
Is 56 a factor of 191293?
False
Does 43 divide 1307808?
False
Does 501 divide 1216428?
True
Is 28 a factor of 215791?
False
Is 14 a factor of 7251566?
True
Is 25296 a multiple of 51?
True
Is 523 a factor of 251361?
False
Is 3923702 a multiple of 17?
True
Is 3458920 a multiple of 10?
True
Is 2590517 a multiple of 3?
False
Is 19 a factor of 179693?
False
Does 21 divide 1111446?
True
